 base 4.
-1300
92 (base 10) to base 12
78
-17 (base 8) to base 3
-120
-155 (base 12) to base 3
-21202
What is -4 (base 11) in base 16?
-4
What is 111 (base 3) in base 8?
15
What is 13 (base 4) in base 2?
111
17 (base 16) to base 8
27
-2 (base 14) to base 10
-2
What is 1 (base 16) in base 11?
1
What is -1 (base 3) in base 10?
-1
Convert -19 (base 10) to base 16.
-13
What is -114 (base 6) in base 14?
-34
What is 2 (base 4) in base 6?
2
Convert 0 (base 6) to base 10.
0
What is 53 (base 10) in base 16?
35
4d (base 15) to base 7
133
-1 (base 15) to base 13
-1
What is -454 (base 7) in base 9?
-281
Convert -50 (base 10) to base 12.
-42
What is -6 (base 16) in base 9?
-6
Convert 40 (base 15) to base 2.
111100
What is 93 (base 10) in base 4?
1131
42 (base 5) to base 10
22
Convert 202 (base 7) to base 11.
91
Convert 153 (base 11) to base 5.
1204
-222 (base 8) to base 3
-12102
Convert 1012 (base 3) to base 9.
35
What is 9a (base 12) in base 15?
7d
Convert -3 (base 4) to base 11.
-3
-1 (base 2) to base 15
-1
-65 (base 12) to base 13
-5c
3 (base 11) to base 10
3
What is 174 (base 8) in base 7?
235
3 (base 5) to base 13
3
Convert 0 (base 13) to base 15.
0
12 (base 4) to base 5
11
What is -235 (base 9) in base 14?
-dc
Convert 1b (base 12) to base 13.
1a
What is -6 (base 9) in base 8?
-6
What is 3 (base 15) in base 2?
11
Convert -22 (base 15) to base 8.
-40
Convert 4 (base 14) to base 16.
4
Convert 6 (base 9) to base 10.
6
What is 4 (base 6) in base 12?
4
What is a1 (base 13) in base 4?
2003
8 (base 10) to base 3
22
32 (base 4) to base 8
16
Convert 8 (base 13) to base 3.
22
b9 (base 14) to base 4
2203
13 (base 15) to base 10
18
Convert -1 (base 3) to base 16.
-1
Convert -14 (base 9) to base 4.
-31
-12 (base 15) to base 3
-122
Convert -2 (base 5) to base 13.
-2
Convert 232 (base 7) to base 12.
a1
Convert 2 (base 13) to base 6.
2
-16 (base 7) to base 13
-10
Convert 43 (base 6) to base 10.
27
Convert -b (base 15) to base 3.
-102
Convert 0 (base 6) to base 5.
0
-200 (base 7) to base 4
-1202
Convert -35 (base 7) to base 14.
-1c
70 (base 14) to base 8
142
Convert -100 (base 3) to base 16.
-9
-10 (base 9) to base 16
-9
-19 (base 11) to base 4
-110
0 (base 7) to base 10
0
Convert -4 (base 8) to base 13.
-4
Convert 3 (base 10) to base 16.
3
What is -99 (base 15) in base 7?
-264
Convert 0 (base 4) to base 16.
0
Convert 31 (base 14) to base 6.
111
112 (base 14) to base 16
d4
-2 (base 4) to base 13
-2
Convert -226 (base 7) to base 2.
-1110110
1 (base 15) to base 11
1
-6 (base 15) to base 6
-10
21 (base 4) to base 15
9
18 (base 9) to base 10
17
What is 63 (base 9) in base 14?
41
-2 (base 12) to base 5
-2
Convert -3 (base 10) to base 13.
-3
Convert -15 (base 12) to base 6.
-25
-60 (base 10) to base 3
-2020
What is -253 (base 6) in base 16?
-69
10 (base 3) to base 15
3
What is -2 (base 15) in base 2?
-10
11 (base 9) to base 10
10
Convert -1001 (base 3) to base 14.
-20
Convert 17 (base 11) to base 16.
12
What is -19 (base 15) in base 10?
-24
Convert -3 (base 5) to base 4.
-3
What is -233 (base 6) in base 4?
-1131
108 (base 16) to base 4
10020
-11 (base 4) to base 11
-5
Convert -4c (base 13) to base 14.
-48
af (base 16) to base 6
451
What is 5 (base 13) in base 8?
5
Convert -122 (base 7) to base 6.
-145
What is -24 (base 7) in base 3?
-200
Convert 8 (base 16) to base 14.
8
-56 (base 7) to base 11
-38
Convert -40 (base 10) to base 6.
-104
Convert -10 (base 4) to base 2.
-100
-6 (base 11) to base 7
-6
-100 (base 4) to base 15
-11
Convert -12 (base 6) to base 14.
-8
Convert 62 (base 11) to base 13.
53
1 (base 13) to base 2
1
What is -54 (base 11) in base 3?
-2012
What is 3 (base 12) in base 6?
3
What is -4 (base 16) in base 4?
-10
What is 1 (base 5) in base 10?
1
2 (base 9) to base 15
2
Convert -17 (base 8) to base 2.
-1111
What is 40 (base 15) in base 9?
66
What is -5 (base 14) in base 13?
-5
-17 (base 13) to base 14
-16
Convert 6 (base 13) to base 11.
6
What is 4a (base 12) in base 10?
58
164 (base 8) to base 9
138
-34 (base 8) to base 3
-1001
What is 16 (base 9) in base 11?
14
What is -1121 (base 3) in base 11?
-3a
Convert 15 (base 15) to base 9.
22
Convert 134 (base 9) to base 4.
1300
Convert 3 (base 16) to base 2.
11
Convert 25 (base 10) to base 8.
31
What is 23 (base 14) in base 12?
27
What is 4 (base 7) in base 4?
10
What is -3 (base 10) in base 11?
-3
20 (base 12) to base 13
1b
-100101 (base 2) to base 12
-31
What is -22 (base 7) in base 10?
-16
Convert 5 (base 14) to base 2.
101
3 (base 8) to base 15
3
Convert -74 (base 11) to base 13.
-63
What is -36 (base 11) in base 13?
-30
7 (base 12) to base 5
12
Convert 36 (base 12) to base 6.
110
-3 (base 11) to base 12
-3
What is -2 (base 3) in base 5?
-2
What is 6 (base 12) in base 9?
6
Convert 63 (base 14) to base 11.
7a
Convert 1 (base 5) to base 14.
1
2002 (base 3) to base 5
211
What is -2 (base 14) in base 16?
-2
-305 (base 8) to base 12
-145
-2 (base 9) to base 13
-2
Convert 13 (base 7) to base 15.
a
Convert -222 (base 6) to base 5.
-321
2 (base 11) to base 16
2
What is ab (base 14) in base 9?
177
Convert 6 (base 16) to base 13.
6
What is 55 (base 14) in base 15?
50
What is -48 (base 15) in base 13?
-53
Convert 13 (base 5) to base 15.
8
What is -5 (base 12) in base 13?
-5
2 (base 3) to base 5
2
Convert 4 (base 11) to base 9.
4
What is -346 (base 7) in base 15?
-c1
3301 (base 4) to base 3
22221
1 (base 5) to base 16
1
Convert 3 (base 8) to base 6.
3
-d (base 15) to base 12
-11
What is -14 (base 5) in base 2?
-1001
What is 521 (base 6) in base 8?
301
Convert 4a (base 12) to base 11.
53
What is 25 (base 8) in base 7?
30
Convert 10 (base 4) to base 15.
4
-3 (base 10) to base 7
-3
Convert 80 (base 14) to base 4.
1300
What is c (base 15) in base 4?
30
-20 (base 3) to base 10
-6
30 (base 12) to base 4
210
What is -28 (base 13) in base 2?
-100010
-149 (base 14) to base 15
-126
-1122 (base 4) to base 3
-10100
-3 (base 9) to base 5
-3
Convert 45 (base 9) to base 12.
35
-14 (base 12) to base 5
-31
What is 21 (base 3) in base 5?
12
What is -16b (base 12) in base 15?
-102
-131 (base 9) to base 10
-109
What is 100 (base 2) in base 6?
4
-3 (base 6) to base 3
-10
Convert -4 (base 8) to base 3.
-11
What is -118 (base 10) in base 6?
-314
Convert -1 (base 2) to base 6.
-1
What is 43 (base 10) in base 12?
37
What is -1304 (base 5) in base 12?
-150
5 (base 8) to base 11
5
3 (base 7) to base 4
3
6 (base 8) to base 10
6
100010 (base 2) to base 4
202
45 (base 14) to base 4
331
Convert -110 (base 4) to base 7.
-26
What is -78 (base 14) in base 9?
-127
10221 (base 3) to base 9
127
What is -1 (base 9) in base 5?
-1
Convert 23 (base 14) to base 16.
1f
Convert 5 (base 16) to base 12.
5
2a (base 11) to base 7
44
-b (base 16) to base 6
-15
Convert -210 (base 3) to base 10.
-21
-1 (base 14) to base 9
-1
What is -12 (base 3) in base 16?
-5
-4 (base 6) to base 11
-4
10 (base 3) to base 8
3
-35 (base 16) to base 9
-58
-4b (base 15) to base 13
-56
0 (base 7) to base 16
0
Convert -44 (base 5) to base 10.
-24
104 (base 5) to base 8
35
55 (base 12) to base 14
49
b (base 12) to base 2
1011
Convert 1 (base 9) to base 6.
1
What is -312 (base 4) in base 12?
-46
What is -244 (base 7) in base 16?
-82
What is -2 (base 11) in base 4?
-2
-21 (base 5) to base 13
-b
Convert 2 (base 11) to base 15.
2
33 (base 5) to base 12
16
Convert -130 (base 5) to base 6.
-104
222 (base 4) to base 15
2c
What is -36 (base 10) in base 6?
-100
What is -30 (base 6) in base 7?
-24
What is 6 (base 11) in base 3?
20
-1021 (base 3) to base 7
-46
21 (base 6) to base 13
10
Convert 2 (base 12) to base 9.
2
Convert -202 (base 5) to base 10.
-52
What is 3 (base 9) in base 16?
3
What is -4 (base 12) in base 11?
-4
Convert 3 (base 5) to base 15.
3
Convert 3 (base 10) to base 12.
3
What is 6 (base 16) in base 3?
20
-17 (base 8) to base 3
-120
-3 (base 11) to base 15
-3
0 (base 7) to base 14
0
Convert -3 (base 16) to base 3.
-10
Convert 6 (base 16) to base 2.
110
What is -11 (base 3) in base 10?
-4
What is 30 (base 11) in base 14?
25
Convert 2 (base 6) to base 14.
2
415 (base 6) to base 13
bc
-1 (base 6) to base 3
-1
14 (base 6) to base 7
13
Convert 0 (base 3) to base 12.
0
Convert 20 (base 9) to base 10.
18
-10 (base 2) to base 6
-2
What is -8 (base 9) in base 7?
-11
What is -101 (base 2) in base 